33)?
9
Suppose 298*m - 5208 = 284*m. Let g = 676 - m. What is the hundreds digit of g?
3
Let l = 350 + 475. What is the hundreds digit of l?
8
Let a be (12/8 - 1)*60. Suppose a*q - 4*q = 24882. What is the hundreds digit of q?
9
Let m = -3622 + 3835. Let v = 17 - 12. Suppose 0 = v*i - m - 187. What is the tens digit of i?
8
Let o = 2719 - 1884. What is the hundreds digit of o?
8
Let w(x) = x**2 - 2*x - 69. Let a be w(-7). Let v(p) = -46*p + 84. What is the tens digit of v(a)?
6
Let h be -1 + -2 + 0 + 7. Suppose 3*a - h = 5. Suppose 783 = a*p - 42. What is the tens digit of p?
7
Let i = 941 - -4029. Suppose x - 2*y = 1072, i = 5*x - 2*y - 390. What is the thousands digit of x?
1
Suppose 5*z + 593*l - 591*l - 111465 = 0, -z - 5*l + 22316 = 0. What is the ten thousands digit of z?
2
Suppose 5*c + 6 = u - 15, 3*u - 3 = -5*c. Let l be 1 + (u/(-10) - 16/40). What is the tens digit of 20 + (l/(-2) - -4)?
2
Let y = -264 - -455. Let c = y - 8. Let f = -77 + c. What is the tens digit of f?
0
Let n(k) = -2*k**3 - 4*k**2 - 8*k - 10. Let i be n(-7). Let u be (i - -2 - 1)/3. Let h = u + -71. What is the hundreds digit of h?
1
Let t(u) = 6*u - 20. Let h be t(4). Suppose h*y - 24 = -2*y. Suppose 8*f - 3*f - 3*v = 783, 0 = -y*v + 16. What is the tens digit of f?
5
Suppose 0 = -5*r + 21 + 59. Suppose -r*p = -3*p - p. Suppose -116*i + 121*i - 115 = p. What is the units digit of i?
3
Suppose u - 5*d - 65 = -2*u, -4*u = -5*d - 95. Suppose 0*j = -5*j - 5*m - u, 4*m = j + 1. What is the units digit of ((-1)/(-2))/(16/(-96))*j?
5
Let x be (3 + 0)*(1430/(-12) - 63/(-18)). Let k = 1235 + -690. Let y = x + k. What is the hundreds digit of y?
1
Suppose -6*l = -l - 445. Let s = 798 + -837. Let r = l + s. What is the tens digit of r?
5
Let d be 1/6 + 1199*7/42. What is the units digit of (-1)/10 - (-220)/d?
1
Suppose v - 15*h + 16*h = 2994, -2*h = 4. Suppose -5*c + 694 = -v. What is the hundreds digit of c?
7
Suppose -23*x + 85600 = -33*x. What is the units digit of x/(-112) - 6/14?
6
Let q = -527 + 772. Let p = 109 + q. What is the units digit of p?
4
Let a(b) = b**2 - 5*b + 5. Let d(n) = -4*n**2 + 2*n - 8. Let f be d(4). Let h be (f/(-80))/(2/25). What is the tens digit of a(h)?
5
Suppose 4*u - 50 = -5*y, 3 = 2*y - 2*u - 17. What is the units digit of ((-36)/y - -6)*315?
6
Let t(u) = 5*u + 217. Let z(f) = 6*f + 217. Let b(s) = 3*t(s) - 2*z(s). What is the tens digit of b(-30)?
2
Let v(i) = -4532*i - 233. Let p be v(-11). Suppose 18*z + 16319 = p. What is the units digit of z?
0
Let b = -651 - -291. Let g = -288 - b. What is the units digit of g?
2
Let z(m) = 57*m**2 - 118*m + 1484. What is the ten thousands digit of z(15)?
1
Let x = -6541 - -13443. What is the tens digit of x?
0
Let m = 22 + -20. Suppose m*u - 4*r = -8, -2*u - r + 38 = -7*u. Let j = 35 - u. What is the units digit of j?
3
Let v(t) = t**2 + 27*t + 60. Let a be v(-25). Suppose 29*l = a*l + 6213. What is the hundreds digit of l?
3
Let y(f) = -f**3 - 5*f**2 + 8*f + 11. Let x be y(-6). Let h(l) = 0 + 4 - 2 - 3 - 161*l. What is the hundreds digit of h(x)?
1
Suppose -8*w = -12*a - 12*w + 104084, -5*a + 43350 = -2*w. What is the units digit of a?
2
Suppose 6*g + 14597 = 7*g + 227. What is the hundreds digit of g?
3
Suppose 2189 = 8*f - 12275. What is the hundreds digit of (2/(-4))/(((-32)/4)/f)?
1
Let f(m) = -m**2 + 7*m - 3. Let w be f(5). Suppose -3*a = -w*a + 8. Suppose q + 4 = a, -5*q - 37 = -h. What is the tens digit of h?
2
Suppose -5*i + 2*i = 6, -2*i = -3*s + 226. Suppose 70*o - s*o = -1500. What is the units digit of o?
5
Let y = -19 + 24. Suppose -y*z = -33 + 8. Suppose -h - 2 = 0, -4*j - z*h = -511 + 61. What is the units digit of j?
5
Let z(x) = 41*x + 297. Let n be z(32). Let t = n + -152. What is the hundreds digit of t?
4
Let o = 7301 - 3103. What is the thousands digit of o?
4
Let h(s) = s**3 + 8*s**2 + 8*s + 16. Let l be h(-10). Let f = 320 + l. What is the units digit of f?
6
Suppose -4*h = 167 - 71. What is the hundreds digit of (-1)/(-8) + (31545/h)/(-5)?
2
Let v = -79 - -84. Suppose q = 0, 313 = -v*t - q + 2483. What is the tens digit of t?
3
What is the units digit of 105 - -1306 - (7 + 0)?
4
Suppose 252*k = 175642 - 42334. What is the tens digit of k?
2
Let y = 835 + -480. Let h be ((-2709)/(-72))/7 - 3/8. Suppose -3*c + 7*g - 3*g = -y, 609 = h*c + 2*g. What is the tens digit of c?
2
Let r(y) = -6*y**2 - 28*y + 8. Let t be r(13). Let k = -784 - t. What is the hundreds digit of k?
5
Let o(a) = 12569*a - 200. What is the hundreds digit of o(1)?
3
Suppose 2*a = x + 53391, 0 = 15*a - 19*a - 5*x + 106817. What is the tens digit of a?
9
Suppose -14*d - 489024 = 40*d. What is the tens digit of ((-12)/14 - d/14)*2?
9
Suppose -16*z = -5*z - 1166. Let n = z - 70. Suppose 24 + n = 3*b. What is the units digit of b?
0
Let o be (51/(-34))/((-3)/70). Let w = 28 - o. Let z(a) = -5*a - 15. What is the units digit of z(w)?
0
Let q(g) = -g**3 + 8*g**2 + 2*g - 9. Let x be 0 - -3 - 0 - (-1 + 2). Suppose 4*o - 26 = x*n, 2*o + o - 2*n - 18 = 0. What is the units digit of q(o)?
7
Suppose -592*t + 597*t = 21190. Let s = t + -2867. What is the tens digit of s?
7
Let w(i) = -i**3 - 4*i**2 - 4*i + 4. Let d be w(-3). What is the tens digit of 2170/4*((-112)/(-20))/d?
3
Let r = 1026 + 5455. What is the thousands digit of r?
6
Let x = 32979 - 26698. What is the hundreds digit of x?
2
Let s(f) = 2*f**3 - 14*f**2 + 8*f - 48. What is the tens digit of s(11)?
0
Let b(n) be the first derivative of -15*n**2 + 79*n - 102. What is the hundreds digit of b(-12)?
4
Let k = 28802 - 13661. What is the units digit of (-64)/(-608) + k/19?
7
Let n(y) = -4181*y**2 + 4*y + 1. Let g be n(1). What is the units digit of (3/9)/((-8)/g)?
4
What is the hundreds digit of (-31)/2*-2625 - 18/(-12)?
6
Let l = -628 + 1628. Let d be (-1)/(-13) - (-49)/(-637). Suppose d*x + l = 8*x. What is the tens digit of x?
2
Let d be -2*-1*302/(-4). Let t be (9/(-4))/3*(-9 + d). Suppose -25*m = -27*m + t. What is the tens digit of m?
6
Let q(y) = -8*y**2 - 7*y + 13. Let i(u) = 16*u**2 + 13*u - 27. Let k(x) = -2*i(x) - 5*q(x). What is the hundreds digit of k(-5)?
1
Let z = 25 - 20. Let w be (133/(-14) + 2)*4/z. What is the tens digit of w/14 - (-4225)/91?
4
Let s = -566 + 871. Let v be (15 + -8)/(14/4). Suppose -720 = -5*w - v*q - 221, 3*w - s = -4*q. What is the tens digit of w?
9
Suppose -5*r + 30457 = -4*v, 0 = -r + 3*r + 4*v - 12166. Suppose 5*g - 2315 = -2*f, -327 = 5*f + 4*g - r. What is the units digit of f?
0
Let v(b) = 8*b - 5. Let p be v(8). Let x = p - 108. Let l = -1 - x. What is the tens digit of l?
4
Let f = 74 - 74. Let z be 3 + f - (10 - 7). Suppose -165 = -2*l - r, l + z*l - 84 = -r. What is the tens digit of l?
8
Let x(i) = 11 + 80*i - 27 - 6. Let p be (-1)/3 - (-52)/12. What is the units digit of x(p)?
8
Let z(g) = g + 32. Let c be 26 + (-2 - (0 + -2)). Let h be (2/4)/(-1) + 13/c. What is the tens digit of z(h)?
3
Let z(y) = -y**2 - 13*y + 1. Let d be z(-12). Suppose -12*r - 86 = -d*r. Suppose n = r + 103. What is the hundreds digit of n?
1
Let h = 17 + -4. Suppose -232 = 2*t + 5*n, -2*n = 9*t - h*t - 464. Let v = t + 322. What is the tens digit of v?
0
Suppose 12*b = -1458 + 10530. Suppose b = 29*q - 26*q. What is the units digit of q?
2
Let z = -23355 - -34348. What is the units digit of z?
3
Let c(z) = -z - 7. Let q be c(-5). Let a(b) = -2*b - 11. Let y(h) = -h - 5. Let k(w) = 2*a(w) - 5*y(w). What is the units digit of k(q)?
1
Let r be 2604*1*14/21. Suppose -2*g - 4*w - r + 4464 = 0, -w = -4*g + 5429. What is the hundreds digit of g?
3
Suppose -1222*n - 1112300 = -1257*n. What is the hundreds digit of n?
7
Let n(j) = -194*j + 93. Let t(o) = 971*o - 463. Let k(d) = 11*n(d) + 2*t(d). What is the thousands digit of k(-7)?
1
Suppose 92*o - 128*o + 1010848 + 29228 = 0. What is the hundreds digit of o?
8
Let h(c) = 547*c + 340. What is the units digit of h(4)?
8
Suppose -13 = -4*w + 19. Suppose w = -2*i, -2*i - 3*i + 1990 = 5*d. Suppose 0 = -4*f + d + 102. What is the units digit of f?
6
Let i(x) be the third derivative of x**5/30 + 9*x**4/8 - 17*x**3/3 - 44*x**2. Suppose 3*o + 3*u = 21 - 87, -4*u + 74 = -5*o. What is the units digit of i(o)?
8
Let u be 0 - -17 - (-32)/(-24)*-3. Suppose -22*a + u*a + 61 = 0. What is the tens digit of a?
6
Su